osite?
True
Is 3/15 + ((-122020)/25)/(-1) a composite number?
True
Let y(s) = s**3 + 5*s**2 + 2*s - 2. Let f be y(-2). Is 111*f/(36/10) a composite number?
True
Suppose -2*n - 24*u = -19*u - 22184, -4*u - 55427 = -5*n. Is n prime?
True
Let h be 342/90 - 2/(-10). Suppose -o - h*o = -30. Is 4/(-6)*o + 147 composite?
True
Suppose -94*j = -113*j + 333811. Is j a prime number?
True
Suppose -9*j = -12*j. Suppose -k + 69 = -j. Is k a composite number?
True
Suppose -5*m = t + t + 30, -4*m + 2*t - 24 = 0. Is (3 + 27/(-6))*652/m prime?
True
Let d(n) = -n**2 - 7*n + 9. Let z be d(-10). Let p = -17 - z. Suppose 2*x = -4*j + 260, j = 5*j - p*x - 284. Is j a prime number?
True
Let f = 6702 - -103. Is f prime?
False
Suppose -r + 3 - 1 = 0. Let y be 5*4/10 + r. Let h(f) = 4*f**3 - 3*f**2 - 5. Is h(y) a prime number?
False
Let l = 30560 - 15163. Is l prime?
False
Let p be 10*(44/(-10) + 4) - -2. Is 0/(p + 4) - -5219 prime?
False
Let y(d) = -d**3 + 20*d**2 + 27*d + 28. Let s be y(19). Suppose s = -5*p + 6757. Is p a composite number?
False
Is (78/(-12))/(-13)*(6601 - 3) a composite number?
False
Suppose -3*t + 4*t + 2*y = 26, 0 = -3*t + 2*y + 62. Is (-1576)/(-2) - (-21 + t) a composite number?
False
Let d be (176/308)/(2/7). Let p(f) = 35*f**2 + f - 1. Let v be p(2). Suppose -r - v = -d*r. Is r composite?
True
Suppose 0 = -3*r - 12, -4*c - 98*r + 97196 = -94*r. Is c a composite number?
True
Suppose -4*j + 31122 = 2*h, 0*j + 62214 = 4*h + 2*j. Is h prime?
True
Let p(n) = -16*n**3 - 18*n**2 - 31*n + 9. Is p(-10) composite?
False
Let r = 466 + 3193. Is r a composite number?
False
Let c(i) = -i**2 + 22*i + 23. Let z be 14/77 + (-97)/(-11) + 1. Is c(z) composite?
True
Let w = 32 - 27. Suppose w*s - 310 - 2040 = 0. Let x = s - 124. Is x composite?
True
Let d be (-4 + 2)*657/3. Let q = 647 + d. Is q composite?
True
Let c(t) = -t + 2 - 6*t**2 - 3 + 0*t**2 + 2. Let j be c(1). Let n(s) = -64*s - 3. Is n(j) prime?
False
Let k = 39126 - 25421. Is k composite?
True
Let w(h) = h**2 + 6*h - 9. Let l be w(-7). Let s be (-6)/l + 3 + 3014. Suppose 0 = 4*z - 4*b - s, -2*b - 2261 = -2*z - z. Is z a composite number?
False
Let x = -5738 - -15775. Is x composite?
False
Suppose -312*b + 309*b = -16743. Is b a prime number?
True
Let k = 72 - 68. Suppose -w + 3*w - 4 = 0, 2*w + 12256 = k*i. Is i prime?
False
Suppose 2*r = 2, 0 = 22*q - 21*q + 4*r - 263. Is q prime?
False
Suppose 70941 = -5*r + 15411. Let c be r/(-22) - 12/(-66). Suppose -n = 3*y - 184, 4*y - c = -5*n + 426. Is n a composite number?
True
Suppose p + 5*p = 1266. Is p/(5/(8 - 3)) a prime number?
True
Suppose -474 = -c + 690. Let g = c - 551. Is g a prime number?
True
Suppose 19*w = 638 + 36849. Is w a composite number?
False
Let h be 2/(-7) + 16286/14. Suppose -3*t + 1426 = -h. Is t composite?
False
Let s(z) = z**2 + 11*z + 12. Let c be s(-11). Suppose c*u - 418 = 10*u. Is u composite?
True
Suppose 2*w + 3*u = 23, 5*u = -3*w + 15 + 18. Suppose -w*m - 4885 = -21*m. Is m a composite number?
False
Let b(c) = 41*c**2 - 5*c + 2. Let d be b(3). Suppose -d = 19*s - 23*s. Is s a composite number?
False
Suppose -5*h - 2*l = -25765, -l - 5345 - 15280 = -4*h. Suppose 3*d + h = 8*d. Is d composite?
False
Suppose 0 = 2*q - 5*q - 3. Let l(h) = -217*h + 156*h - 193*h - 215*h. Is l(q) prime?
False
Let y(u) = u**3 - u**2 - u + 1. Let s(g) = -g**3 - 3*g**2 + 4*g - 7. Let d(k) = -s(k) - 2*y(k). Suppose -4*f + 0 = 16. Is d(f) a prime number?
True
Let o be 70/10 + 4*-1. Suppose 872 = o*b - 1075. Is b composite?
True
Let x be -3 + 0 - -2 - -1489. Suppose -3*v - 3*k + 0*k + x = 0, 0 = -5*v + 2*k + 2459. Is v prime?
False
Let c = -66 - -373. Is c a composite number?
False
Suppose 3*w - 30 = 3*i, -3*i = -5*i - 3*w + 5. Let d(q) = 123*q - 1. Let a(k) = 122*k - 1. Let z(p) = i*a(p) + 6*d(p). Is z(1) a prime number?
True
Let r(j) = 7*j**3 + 3*j**2 + 2*j - 5. Let n be r(-4). Let w = 668 + n. Suppose w = 2*l + l. Is l composite?
True
Suppose -q - 3 = -3*s, -3*q - 3 = -2*q. Suppose 1769 = 5*d + 3*l - 7*l, 5*d + 4*l - 1761 = s. Is d a prime number?
True
Let g be 6/(-3)*(-35)/10. Let w = g - 7. Suppose -2*p - 3*t = -515, w*p = p - 3*t - 244. Is p prime?
False
Let s(l) = 108*l**2 - 29*l + 297. Is s(14) prime?
True
Let v = -215044 + 308523. Is v a prime number?
True
Suppose 4*t + 3*p - 2*p = 22, -5*t + 28 = p. Is 86 + t/(-3) + 1 a composite number?
True
Suppose 0 = -2*o - 3*d + 21 + 11, -2*d = -4. Let w = -12 + o. Suppose 3*v + 4*f - 271 = 0, 2*f - w - 1 = 0. Is v a composite number?
False
Suppose -466 = -2*j + 300. Let l = 108 + j. Is l prime?
True
Suppose -4*o + 4*s = -0*o - 9156, 0 = -o + 4*s + 2283. Is o a composite number?
True
Is ((-253309)/(-14))/(((-34)/4)/(-17)) a prime number?
True
Let w(v) = -2*v**2 - 18*v + 17. Let m be w(-10). Is (m*(-4)/(-24))/((-1)/578) prime?
False
Let p(z) = -5272*z**3 + z**2 - 30*z - 30. Is p(-1) composite?
False
Suppose 18005 = 5*x - 5*i, -2*i + 4327 - 720 = x. Is x composite?
True
Let g(z) = -801*z**3 - 2*z**2 - 4*z - 1. Let f = 76 + -77. Is g(f) composite?
True
Suppose -13*u + 12*u + 353 = 0. Let k = 750 + u. Is k a prime number?
True
Let y(z) = -14*z**3 + 4*z**2 - 12*z - 20. Let s be y(-6). Let f = s - 479. Is f composite?
False
Suppose 5*f = 4*g + 389 - 1253, -g + 2*f = -219. Is g composite?
False
Let i = 70 - 67. Is (1/i)/((-4)/(-7572)) composite?
False
Let g = 9639 - 5152. Is g a prime number?
False
Suppose 9 = 4*f - 7. Suppose -f*l + 4*x + 2957 = -x, 3*x - 1495 = -2*l. Let u = l - 478. Is u composite?
True
Let s = 12 + -13. Let u = s - -1. Is u/((-2)/1) + 89 a prime number?
True
Let c = 49870 + -24055. Suppose 45*z - 48*z = -c. Is z a composite number?
True
Let z(w) = -w**3 - 3*w**2 + 4*w + 5. Let l be z(-4). Let v = l + 2. Suppose s - 235 = -3*u, 4*s - 908 = 3*u - v*u. Is s prime?
True
Let w = -9662 - -15765. Is w a prime number?
False
Let r = 542 - 544. Let p(y) = 41*y**3 + 6*y**2 + 19*y + 5. Let h(x) = -20*x**3 - 3*x**2 - 9*x - 3. Let b(v) = 9*h(v) + 4*p(v). Is b(r) a prime number?
False
Let z be -1 - -6 - (-2)/(-4)*6. Suppose 0 = -h - 4*x + 1037, -3*h + z*h = -5*x - 1064. Is h a composite number?
False
Let k = 3918 + -1739. Is k prime?
True
Let f = -22192 - -31175. Is f a prime number?
False
Let g = 4 + 2. Suppose -y = y - g. Suppose 5*j = 2*p - 293, -4*p = -0*p - y*j - 593. Is p composite?
False
Suppose s = -4*s + 5*q + 5160, -s + 1032 = 3*q. Suppose -2*u - c + 2*c + 516 = 0, 4*u = -4*c + s. Suppose u = m - 59. Is m prime?
True
Is -3*(45125/(-30) + 1/(-6)) composite?
False
Let l be (-24)/(-36)*(-18)/(-4). Let n be l/2*(-2)/(-1). Suppose 5*u = d + 885, 52 + 479 = n*u + d. Is u prime?
False
Let t(c) = 25*c + 52*c - 3 - c. Suppose 3*b + z - 10 = 0, z = -2*b - 0*b + 8. Is t(b) a prime number?
True
Suppose 215619 = 6*v + 73305. Is v a composite number?
False
Let i be 28/42*1*3. Suppose -4*m - 2*v + 718 = 0, -3*v - i*v = -5*m + 920. Is m prime?
True
Let b = 19396 - 5817. Is b a prime number?
False
Suppose -14004 - 11998 = -2*g. Is g a composite number?
False
Suppose 2*t - 13590 = -4*h, -34020 = -5*t - h - 0*h. Is t a composite number?
True
Suppose 0 = -2*s - 4 + 8. Suppose s*z + 3*z + 885 = 0. Is (z/(-6))/((-3)/(-30)) a composite number?
True
Is (-6605)/(-10) + (-9)/(-6) a prime number?
False
Let q(s) = -357*s - 5. Let x(t) = t + 5. Let k be x(-6). Let i(a) = -3*a**2 - 3*a - 2. Let z be i(k). Is q(z) composite?
False
Let l be 47/5 - (-10)/(-25). Let z = 15 - l. Suppose z*x = 115 + 83. Is x a prime number?
False
Suppose 29*g - 25 = 24*g. Is ((-1405)/g + 4)*-1 composite?
False
Let s = 626 - 1047. Let m = -222 - s. Is m a prime number?
True
Suppose -20*z = -15*z - 3*y - 95605, 76484 = 4*z + 3*y. Is z a composite number?
False
Let f(i) = -4*i - 5. Let c be f(-2). Let n(l) = 7*l**3 - 5*l + 6. Let t be n(c). Let x = 429 - t. Is x prime?
False
Let w = 9446 + -1849. Is w a prime number?
False
Let t = 8453 - 3156. Is t prime?
True
Let u = 2341 + 8242. Is u a composite number?
True
Let l(y) = -1528*y + 53. Is l(-6) composite?
False
Let q = 20 + -15. Let n = q + 0. Suppose -c - 265 = -v - 2*v, n*c = -v + 99. Is v a prime number?
True
Suppose -m - 2*m = -45. Let b = m + -18. Is -5 - -2 - (b + -221) prime?
False
Is (56/(-12) + 5)/(2/93570) composite?
True
Let t(r) = r**2 + 10*r - 19. Let k be t(-11). Is k + 6 + (-2)/1 + 10